{"id":546,"date":"2019-01-24T22:36:12","date_gmt":"2019-01-24T21:36:12","guid":{"rendered":"http:\/\/boxhandschuhe24-kaufen.de\/?page_id=546"},"modified":"2019-01-26T00:09:07","modified_gmt":"2019-01-25T23:09:07","slug":"thai-boxhandschuhe","status":"publish","type":"page","link":"https:\/\/boxhandschuhe24-kaufen.de\/?page_id=546","title":{"rendered":"Thai Boxhandschuhe"},"content":{"rendered":"<h1><span style=\"color: #ff6600;\"><b>Thai Boxhandschuhe<\/b><\/span><\/h1>\n<h2><b>Venum &#8211; Challenger 2.0 Boxhandschuhe<\/b><\/h2>\n<p><a href=\"https:\/\/amzn.to\/2S6GPYs\" target=\"_blank\" rel=\"noopener\"><img loading=\"lazy\" decoding=\"async\" class=\"alignleft\" style=\"width: 250px; height: auto;\" src=\"https:\/\/images-na.ssl-images-amazon.com\/images\/I\/7109Sj9bQTL._SL1094_.jpg\" alt=\"thai boxhandschuhe\" width=\"1094\" height=\"1094\" \/><\/a><\/p>\n<p>F\u00fcr einen g\u00fcnstigen Einkaufspreis gibt es die Thai Boxhandschuhe Venum Challenger 2.0 in ganz unterschiedlichen Farbausf\u00fchrungen wie Pink, Schwarz oder gar zweifarbig. So kann jeder beim Sport seinen farblichen Geschmack f\u00fcr die komfortablen Boxhandschuhe nutzen. Das hochwertige PU-Leder steht f\u00fcr eine gute Qualit\u00e4t und ist abwaschbar, damit Schwei\u00df problemlos entfernt werden kann. Die Inneneins\u00e4tze bestehen indes aus Mesh, welches komfortable f\u00fcr die H\u00e4nde ist, Schl\u00e4ge etwas polstert und nat\u00fcrlich dank des dreifach gepressten Schaums nochmals die Schl\u00e4ge d\u00e4mpft, um das eigene Verletzungsrisiko zu minimieren. Der Sicherheitsverschluss ist f\u00fcr den besseren Halt verantwortlich und als Klettverschluss getarnt, damit die Boxhandschuhe einfacher zu verschlie\u00dfen und \u00f6ffnen sind. Abschlie\u00dfend prallt einem der Glanz der 3-D Logos von Venum ins Auge, damit die Boxhandschuhe einfach nur gut aussehen.<\/p>\n<p><center><a class=\"maxbutton-1 maxbutton\" href=\"https:\/\/amzn.to\/2S6GPYs\"><span class='mb-text'>Direkt zum Produkt auf Amazon<\/span><\/a><\/center><\/p>\n<h2><b>Venum &#8211; Sharp Boxhandschuhe<\/b><\/h2>\n<p><a href=\"https:\/\/amzn.to\/2DyOXca\" target=\"_blank\" rel=\"noopener\"><img loading=\"lazy\" decoding=\"async\" class=\"alignleft\" style=\"width: 250px; height: auto;\" src=\"https:\/\/images-na.ssl-images-amazon.com\/images\/I\/91vhCHZP1ZL._SL1500_.jpg\" alt=\"thai boxhandschuhe\" width=\"1500\" height=\"1500\" \/><\/a><\/p>\n<p>Ausgepr\u00e4gt mit einer guten Sto\u00dfd\u00e4mpfung begeistern die dreifach gepolsterten Venum Boxhandschuhe auf Anhieb. Sie liegen in einem erschwinglichen Preisrahmen und bestehen aus Nappa-Leder, welches die Qualit\u00e4t unter Beweis stellt. Die Thai Boxhandschuhe f\u00fcr den Herren sehen in ihrem rot\/schwarzen Look wirklich gut aus, und stechen sofort heraus. Der angen\u00e4hte Daumen wiederum k\u00fcmmert sich darum, dass das Verletzungsrisiko geringer wird und der Komfort gegeben ist. Das Innenmaterial ist optimalerweise aus einem Mesh-Gewebe hergestellt, welches die D\u00e4mpfung mit der Polsterung \u00fcbernimmt, aber gleicherma\u00dfen den Komfort garantiert. So macht Boxen mit den Venom Boxhandschuhen &#8222;Sharp&#8220; nat\u00fcrlich viel mehr Spa\u00df.<\/p>\n<p><center><a class=\"maxbutton-1 maxbutton\" href=\"https:\/\/amzn.to\/2DyOXca\"><span class='mb-text'>Direkt zum Produkt auf Amazon<\/span><\/a><\/center><\/p>\n<h2><b>Bay &#8211; Boxhandschuhe<\/b><\/h2>\n<p><a href=\"https:\/\/amzn.to\/2B3khye\" target=\"_blank\" rel=\"noopener\"><img loading=\"lazy\" decoding=\"async\" class=\"alignleft\" style=\"width: 250px; height: auto;\" src=\"https:\/\/images-na.ssl-images-amazon.com\/images\/I\/91l9%2BWwSzOL._SL1500_.jpg\" alt=\"thai boxhandschuhe\" width=\"1500\" height=\"1429\" \/><\/a><\/p>\n<p>Die Bay Thai Boxhandschuhe stechen in einem feinen schwarz\/blau heraus, um so preiswert auch den Look genie\u00dfen zu k\u00f6nnen. Der stabilen Meshf\u00fctterung in der Innenseite des Boxhandschuhs schont die Aufpraller und wirkt d\u00e4mpfend auf die H\u00e4nde sowie Finger. W\u00e4hrend dessen das PU-Leder abwaschbar ist und die Qualit\u00e4t st\u00e4rkt. Der stabile Klett sorgt sich darum, dass ein besserer Halt gew\u00e4hrleistet ist und dazu kommt, dass sich die anatomische Form sehr gut an die Hand anpasst, damit ein geniales Boxgef\u00fchl vermittelt werden kann. Die Boxhandschuhe sind f\u00fcr alle Kampfsportarten geeignet und damit ist sicher, wieso Bay Handschuhe hier nicht unerw\u00e4hnt bleiben durften.<\/p>\n<p><center><a class=\"maxbutton-1 maxbutton\" href=\"https:\/\/amzn.to\/2B3khye\"><span class='mb-text'>Direkt zum Produkt auf Amazon<\/span><\/a><\/center><\/p>\n<h2><b>NoQuit &#8211; Boxhandschuhe M\u00e4nner<\/b><\/h2>\n<p><a href=\"https:\/\/amzn.to\/2RPgdfd\" target=\"_blank\" rel=\"noopener\"><img loading=\"lazy\" decoding=\"async\" class=\"alignleft\" style=\"width: 250px; height: auto;\" src=\"https:\/\/images-na.ssl-images-amazon.com\/images\/I\/91B-2W7QBRL._SL1500_.jpg\" alt=\"thai boxhandschuhe\" width=\"1500\" height=\"1500\" \/><\/a><\/p>\n<p>Dem Kunstleder ist es zu verdanken, dass die NoQuit Thai Boxhandschuhe oder klassischen Boxhandschuhe f\u00fcr alle Kampfsportarten geeignet sind. Das Kunstleder st\u00e4rkt die Stabilit\u00e4t und die Hygiene der Boxhandschuhe, w\u00e4hrend sie viel robuster dadurch werden. Nicht zu vergessen, dass ihre Langlebigkeit hervorsticht und die ergonomische Anpassung an die Hand st\u00e4rkt den Komfort. Die hochwertige Polsterung m\u00f6chte indes dazu beitragen, dass die Schl\u00e4ge ein wenig im Hinblick f\u00fcr die eigene Gesundheit ged\u00e4mmt werden. Erwachsene sowie Kinder, aber nat\u00fcrlich auch Frauen, wenn der Look und die Gr\u00f6\u00dfe stimmt, d\u00fcrfen hier preiswert zugreifen. Die Zufriedenheitsgarantie ist eine weitere Besonderheit, um erst recht hier zu zugreifen.<\/p>\n<p><center><a class=\"maxbutton-1 maxbutton\" href=\"https:\/\/amzn.to\/2RPgdfd\"><span class='mb-text'>Direkt zum Produkt auf Amazon<\/span><\/a><\/center><\/p>\n<h2><b>SuperActiveSports &#8211; Boxhandschuhe<\/b><\/h2>\n<p><a href=\"https:\/\/amzn.to\/2S6objv\" target=\"_blank\" rel=\"noopener\"><img loading=\"lazy\" decoding=\"async\" class=\"alignleft\" style=\"width: 250px; height: auto;\" src=\"https:\/\/images-na.ssl-images-amazon.com\/images\/I\/81i1LxCvnTL._SL1500_.jpg\" alt=\"thai boxhandschuhe\" width=\"1500\" height=\"1500\" \/><\/a><\/p>\n<p>Die schwarzen Thai Boxhandschuhe von Super Active Sports k\u00f6nnen selbstverst\u00e4ndlich auch beim Boxen, Muay Thai und anderen Kampfsportarten genutzt werden. Die komfortablen Handschuhe passen sich bequem an, weil sie anatomisch hochwertig verarbeitet wurden. Der bequeme Tragekomfort ist zwischenzeitlich ein weiteres Highlight an dem attraktiven Paar Boxhandschuhe, welches die schwarzen Boxhandschuhe mit wei\u00dfen Akzenten hervorhebt. Das Mesh-Gewebe im Innenbereich der Handschuhe k\u00fcmmert sich indes darum, dass die Leichtigkeit im inneren sp\u00fcrbar ist, die Schl\u00e4ge d\u00e4mpft und trotzdem an Bequemlichkeit gewinnt. Damit ist sicher, dass diese Boxhandschuhe nicht fehlen sollten, wenn verschiedene Kampfsportarten ausge\u00fcbt werden wollen. Qualit\u00e4t ist hier gew\u00e4hrleistet und eine Zufriedenheitsgarantie gibt es oben drauf, um diese unter Beweis zu stellen.<\/p>\n<p><center><a class=\"maxbutton-1 maxbutton\" href=\"https:\/\/amzn.to\/2S6objv\"><span class='mb-text'>Direkt zum Produkt auf Amazon<\/span><\/a><\/center><\/p>\n<h1><span style=\"color: #ff6600;\"><b>Thai Boxhandschuhe<\/b><\/span><\/h1>\n<p>Thai Boxhandschuhe k\u00f6nnen selbstverst\u00e4ndlich auch f\u00fcr andere Sportarten angewandt werden. Ihre Optik ist oftmals sehr attraktiv gestaltet und die Anpassung anatomisch. W\u00e4hrend dessen liegen die Preis-Leistungs-Verh\u00e4ltnisse recht \u00fcberschaubar in einem fairen Preisrahmen, um sie in jedem Fall in die engere Auswahl zu nehmen. Deswegen sollten die folgenden Produktreviews sicherlich die Entscheidung leichter fallen lassen.<\/p>\n<p>Hier geht es zur Startseite <a href=\"https:\/\/boxhandschuhe24-kaufen.de\"><strong><span style=\"color: #0000ff;\">Boxhandschuhe<\/span><\/strong><\/a> zur\u00fcck.<\/p>\n","protected":false},"excerpt":{"rendered":"<p>Thai Boxhandschuhe Venum &#8211; Challenger 2.0 Boxhandschuhe F\u00fcr einen g\u00fcnstigen Einkaufspreis gibt es die Thai Boxhandschuhe Venum Challenger 2.0 in ganz unterschiedlichen Farbausf\u00fchrungen wie Pink, Schwarz oder gar zweifarbig. So kann jeder beim Sport seinen farblichen Geschmack f\u00fcr die komfortablen Boxhandschuhe nutzen. Das hochwertige PU-Leder steht f\u00fcr eine gute Qualit\u00e4t und ist abwaschbar, damit Schwei\u00df &hellip;<\/p>\n","protected":false},"author":1,"featured_media":0,"parent":0,"menu_order":0,"comment_status":"closed","ping_status":"closed","template":"","meta":{"_exactmetrics_skip_tracking":false,"_exactmetrics_sitenote_active":false,"_exactmetrics_sitenote_note":"","_exactmetrics_sitenote_category":0,"footnotes":""},"class_list":["post-546","page","type-page","status-publish","hentry"],"yoast_head":"<!-- This site is optimized with the Yoast SEO plugin v18.9 - https:\/\/yoast.com\/wordpress\/plugins\/seo\/ -->\n<title>Thai Boxhandschuhe - boxhandschuhe24-kaufen.de<\/title>\n<meta name=\"robots\" content=\"index, follow, max-snippet:-1, max-image-preview:large, max-video-preview:-1\" \/>\n<link rel=\"canonical\" href=\"https:\/\/boxhandschuhe24-kaufen.de\/?page_id=546\" \/>\n<meta property=\"og:locale\" content=\"de_DE\" \/>\n<meta property=\"og:type\" content=\"article\" \/>\n<meta property=\"og:title\" content=\"Thai Boxhandschuhe - boxhandschuhe24-kaufen.de\" \/>\n<meta property=\"og:description\" content=\"Thai Boxhandschuhe Venum &#8211; Challenger 2.0 Boxhandschuhe F\u00fcr einen g\u00fcnstigen Einkaufspreis gibt es die Thai Boxhandschuhe Venum Challenger 2.0 in ganz unterschiedlichen Farbausf\u00fchrungen wie Pink, Schwarz oder gar zweifarbig. So kann jeder beim Sport seinen farblichen Geschmack f\u00fcr die komfortablen Boxhandschuhe nutzen. Das hochwertige PU-Leder steht f\u00fcr eine gute Qualit\u00e4t und ist abwaschbar, damit Schwei\u00df &hellip;\" \/>\n<meta property=\"og:url\" content=\"https:\/\/boxhandschuhe24-kaufen.de\/?page_id=546\" \/>\n<meta property=\"og:site_name\" content=\"boxhandschuhe24-kaufen.de\" \/>\n<meta property=\"article:modified_time\" content=\"2019-01-25T23:09:07+00:00\" \/>\n<meta property=\"og:image\" content=\"https:\/\/images-na.ssl-images-amazon.com\/images\/I\/7109Sj9bQTL._SL1094_.jpg\" \/>\n<meta name=\"twitter:card\" content=\"summary\" \/>\n<meta name=\"twitter:label1\" content=\"Gesch\u00e4tzte Lesezeit\" \/>\n\t<meta name=\"twitter:data1\" content=\"4\u00a0Minuten\" \/>\n<script type=\"application\/ld+json\" class=\"yoast-schema-graph\">{\"@context\":\"https:\/\/schema.org\",\"@graph\":[{\"@type\":\"WebSite\",\"@id\":\"https:\/\/boxhandschuhe24-kaufen.de\/#website\",\"url\":\"https:\/\/boxhandschuhe24-kaufen.de\/\",\"name\":\"boxhandschuhe24-kaufen.de\",\"description\":\"Test - Preisvergleiche und vieles mehr\",\"potentialAction\":[{\"@type\":\"SearchAction\",\"target\":{\"@type\":\"EntryPoint\",\"urlTemplate\":\"https:\/\/boxhandschuhe24-kaufen.de\/?s={search_term_string}\"},\"query-input\":\"required name=search_term_string\"}],\"inLanguage\":\"de\"},{\"@type\":\"ImageObject\",\"inLanguage\":\"de\",\"@id\":\"https:\/\/boxhandschuhe24-kaufen.de\/?page_id=546#primaryimage\",\"url\":\"https:\/\/images-na.ssl-images-amazon.com\/images\/I\/7109Sj9bQTL._SL1094_.jpg\",\"contentUrl\":\"https:\/\/images-na.ssl-images-amazon.com\/images\/I\/7109Sj9bQTL._SL1094_.jpg\"},{\"@type\":\"WebPage\",\"@id\":\"https:\/\/boxhandschuhe24-kaufen.de\/?page_id=546#webpage\",\"url\":\"https:\/\/boxhandschuhe24-kaufen.de\/?page_id=546\",\"name\":\"Thai Boxhandschuhe - boxhandschuhe24-kaufen.de\",\"isPartOf\":{\"@id\":\"https:\/\/boxhandschuhe24-kaufen.de\/#website\"},\"primaryImageOfPage\":{\"@id\":\"https:\/\/boxhandschuhe24-kaufen.de\/?page_id=546#primaryimage\"},\"datePublished\":\"2019-01-24T21:36:12+00:00\",\"dateModified\":\"2019-01-25T23:09:07+00:00\",\"breadcrumb\":{\"@id\":\"https:\/\/boxhandschuhe24-kaufen.de\/?page_id=546#breadcrumb\"},\"inLanguage\":\"de\",\"potentialAction\":[{\"@type\":\"ReadAction\",\"target\":[\"https:\/\/boxhandschuhe24-kaufen.de\/?page_id=546\"]}]},{\"@type\":\"BreadcrumbList\",\"@id\":\"https:\/\/boxhandschuhe24-kaufen.de\/?page_id=546#breadcrumb\",\"itemListElement\":[{\"@type\":\"ListItem\",\"position\":1,\"name\":\"Startseite\",\"item\":\"https:\/\/boxhandschuhe24-kaufen.de\/\"},{\"@type\":\"ListItem\",\"position\":2,\"name\":\"Thai Boxhandschuhe\"}]}]}<\/script>\n<!-- \/ Yoast SEO plugin. -->","yoast_head_json":{"title":"Thai Boxhandschuhe - boxhandschuhe24-kaufen.de","robots":{"index":"index","follow":"follow","max-snippet":"max-snippet:-1","max-image-preview":"max-image-preview:large","max-video-preview":"max-video-preview:-1"},"canonical":"https:\/\/boxhandschuhe24-kaufen.de\/?page_id=546","og_locale":"de_DE","og_type":"article","og_title":"Thai Boxhandschuhe - boxhandschuhe24-kaufen.de","og_description":"Thai Boxhandschuhe Venum &#8211; Challenger 2.0 Boxhandschuhe F\u00fcr einen g\u00fcnstigen Einkaufspreis gibt es die Thai Boxhandschuhe Venum Challenger 2.0 in ganz unterschiedlichen Farbausf\u00fchrungen wie Pink, Schwarz oder gar zweifarbig. So kann jeder beim Sport seinen farblichen Geschmack f\u00fcr die komfortablen Boxhandschuhe nutzen. Das hochwertige PU-Leder steht f\u00fcr eine gute Qualit\u00e4t und ist abwaschbar, damit Schwei\u00df &hellip;","og_url":"https:\/\/boxhandschuhe24-kaufen.de\/?page_id=546","og_site_name":"boxhandschuhe24-kaufen.de","article_modified_time":"2019-01-25T23:09:07+00:00","og_image":[{"url":"https:\/\/images-na.ssl-images-amazon.com\/images\/I\/7109Sj9bQTL._SL1094_.jpg"}],"twitter_card":"summary","twitter_misc":{"Gesch\u00e4tzte Lesezeit":"4\u00a0Minuten"},"schema":{"@context":"https:\/\/schema.org","@graph":[{"@type":"WebSite","@id":"https:\/\/boxhandschuhe24-kaufen.de\/#website","url":"https:\/\/boxhandschuhe24-kaufen.de\/","name":"boxhandschuhe24-kaufen.de","description":"Test - Preisvergleiche und vieles mehr","potentialAction":[{"@type":"SearchAction","target":{"@type":"EntryPoint","urlTemplate":"https:\/\/boxhandschuhe24-kaufen.de\/?s={search_term_string}"},"query-input":"required name=search_term_string"}],"inLanguage":"de"},{"@type":"ImageObject","inLanguage":"de","@id":"https:\/\/boxhandschuhe24-kaufen.de\/?page_id=546#primaryimage","url":"https:\/\/images-na.ssl-images-amazon.com\/images\/I\/7109Sj9bQTL._SL1094_.jpg","contentUrl":"https:\/\/images-na.ssl-images-amazon.com\/images\/I\/7109Sj9bQTL._SL1094_.jpg"},{"@type":"WebPage","@id":"https:\/\/boxhandschuhe24-kaufen.de\/?page_id=546#webpage","url":"https:\/\/boxhandschuhe24-kaufen.de\/?page_id=546","name":"Thai Boxhandschuhe - boxhandschuhe24-kaufen.de","isPartOf":{"@id":"https:\/\/boxhandschuhe24-kaufen.de\/#website"},"primaryImageOfPage":{"@id":"https:\/\/boxhandschuhe24-kaufen.de\/?page_id=546#primaryimage"},"datePublished":"2019-01-24T21:36:12+00:00","dateModified":"2019-01-25T23:09:07+00:00","breadcrumb":{"@id":"https:\/\/boxhandschuhe24-kaufen.de\/?page_id=546#breadcrumb"},"inLanguage":"de","potentialAction":[{"@type":"ReadAction","target":["https:\/\/boxhandschuhe24-kaufen.de\/?page_id=546"]}]},{"@type":"BreadcrumbList","@id":"https:\/\/boxhandschuhe24-kaufen.de\/?page_id=546#breadcrumb","itemListElement":[{"@type":"ListItem","position":1,"name":"Startseite","item":"https:\/\/boxhandschuhe24-kaufen.de\/"},{"@type":"ListItem","position":2,"name":"Thai Boxhandschuhe"}]}]}},"_links":{"self":[{"href":"https:\/\/boxhandschuhe24-kaufen.de\/index.php?rest_route=\/wp\/v2\/pages\/546","targetHints":{"allow":["GET"]}}],"collection":[{"href":"https:\/\/boxhandschuhe24-kaufen.de\/index.php?rest_route=\/wp\/v2\/pages"}],"about":[{"href":"https:\/\/boxhandschuhe24-kaufen.de\/index.php?rest_route=\/wp\/v2\/types\/page"}],"author":[{"embeddable":true,"href":"https:\/\/boxhandschuhe24-kaufen.de\/index.php?rest_route=\/wp\/v2\/users\/1"}],"replies":[{"embeddable":true,"href":"https:\/\/boxhandschuhe24-kaufen.de\/index.php?rest_route=%2Fwp%2Fv2%2Fcomments&post=546"}],"version-history":[{"count":5,"href":"https:\/\/boxhandschuhe24-kaufen.de\/index.php?rest_route=\/wp\/v2\/pages\/546\/revisions"}],"predecessor-version":[{"id":553,"href":"https:\/\/boxhandschuhe24-kaufen.de\/index.php?rest_route=\/wp\/v2\/pages\/546\/revisions\/553"}],"wp:attachment":[{"href":"https:\/\/boxhandschuhe24-kaufen.de\/index.php?rest_route=%2Fwp%2Fv2%2Fmedia&parent=546"}],"curies":[{"name":"wp","href":"https:\/\/api.w.org\/{rel}","templated":true}]}}